prime?
True
Let q be (4 - (32 - 2))*-13. Suppose 0 = -4*b + 42 + q. Is b a composite number?
True
Suppose 12*t = 303902 + 267406. Is t a prime number?
True
Let s(h) = -h**3 - 15*h**2 + 32*h - 18. Let u be s(-17). Suppose 66724 + 3532 = u*y. Is y a composite number?
False
Let g(a) = a**3 + a**2 + a + 14. Suppose 2*r + 0*f = -f + 2, 2*r - 26 = 5*f. Suppose 3*m + 6 = -z, 0 = r*z + m + 2. Is g(z) a composite number?
True
Let a(h) = 13032*h - 5. Suppose -4 = 5*f - 9. Is a(f) a prime number?
False
Let m(y) = -109*y + 4 - 137*y + 3. Is m(-4) a composite number?
False
Let l(b) = 9*b**2 - 1 - 2*b**3 + 3*b**3 + 3 - 13*b. Let m be (-7)/(-35) + -3*(-184)/(-60). Is l(m) a composite number?
True
Is 33/22 - ((-1)/8 - 9983533/56) a prime number?
False
Let r(x) = -30*x**3 + 3*x**2 + 3*x + 67. Let n(l) = 45*l**3 - 4*l**2 - 4*l - 102. Let h(j) = 5*n(j) + 8*r(j). Is h(-6) a prime number?
False
Suppose 0 = -3*r - 5 + 17, 5*r - 43974 = -y. Is y composite?
True
Let x(l) = l - 12. Let p(w) = -2*w**3 - 7*w**2 + 6*w - 2. Let d be p(-4). Let g be x(d). Is (-2 - 72)*55/g composite?
True
Is (8 + 10 + -119336)/((-3)/15) + 3 a prime number?
True
Let l(k) = 8*k**3 + 15*k**2 - 618*k + 91. Is l(24) prime?
True
Let k = 43961 - -14250. Is k prime?
True
Let m(y) be the second derivative of -y**5/10 + y**4/4 - 5*y**2/2 + 15*y. Let c be m(-3). Suppose -10*j + 34 = -c. Is j prime?
True
Let m(s) = -s**2 + s + 1. Let w(c) = -c**3 + 17*c**2 - 15*c + 8. Let h = 4 + 1. Let g(u) = h*m(u) + w(u). Is g(6) a composite number?
True
Let b be 2/(-6) + 14/6. Let x be 5415/6 - (-2)/(-4). Suppose -b*f = -2*z - 0*z + 1800, x = z + f. Is z prime?
False
Let y = -173 + 171. Let v be 2 - (-3 + 4/2). Is 1847/y*v*(-8)/12 a composite number?
False
Is -980734*(-13 + (-175)/(-14)) a prime number?
True
Let a = -752 - -755. Suppose 0 = f + 3*l + 6, 0 = -4*f - 3*l + 2 - 8. Suppose -884 = -a*j + 3*d + 601, f = 5*j - d - 2459. Is j a composite number?
False
Let w = 539 + -509. Is (49794/w - -2) + (-12)/15 composite?
True
Suppose 1 = 5*k + f, -2*k = -2*f - 8 - 2. Let a(u) = 13*u**2 - u + 3. Is a(k) prime?
False
Suppose -5*z + 4*k = -1250154, -5*k = 16*z - 10*z - 1500224. Is z prime?
False
Let o(s) = 3*s**2 + 8*s + 16. Let t(c) = -c**2 + 4. Let m be t(-3). Is o(m) a prime number?
False
Suppose 1621925 = 17*n - 1640358. Is n a prime number?
True
Let p(b) = 25*b**2 + 52*b - 781. Is p(56) a composite number?
True
Is 665879*17/6 + -12 + 3834/324 a composite number?
False
Let d(k) = k**3 - 41*k**2 - 7*k - 1289. Is d(70) a composite number?
False
Let c = 333 + -329. Is -1*(c - (-191 + 4))*-2 a prime number?
False
Let j(u) = -31*u**3 + 15*u**2 - 15*u - 447. Is j(-20) a prime number?
True
Suppose -87*w + 85*w + 3*m + 5427455 = 0, -3*m - 10854925 = -4*w. Is w composite?
True
Let s = 62 - 59. Let b(m) = -173*m + 5. Let t be b(s). Is t*(-2 + (-5)/(-2))*-1 composite?
False
Suppose 4*k - 5*o + 421163 = 5*k, 3*o + 1684813 = 4*k. Is k a prime number?
False
Let n(h) = -h - 25. Let q be n(-12). Let v(f) = 21*f**2 - 34*f - 38. Is v(q) a composite number?
True
Suppose 0 = 906*c - 120*c - 367866078. Is c prime?
False
Let b = -625 + 2039. Suppose -6*l + 380 = -b. Is l a composite number?
True
Let f be 1/2 + 98/28. Suppose -f*w = 4*w - 16. Suppose w*o = -5*o + 623. Is o a composite number?
False
Let f be ((-24)/(-9))/4 + 154/66. Suppose -2*i - 2*d + 3591 = -f*d, 2*i - 5*d = 3595. Is i a prime number?
False
Let q = -764604 + 1514807. Is q a composite number?
False
Let c(w) = 15601*w + 243. Is c(10) prime?
True
Suppose -7*w = -5*w - 9844. Suppose -4*d + w = 2*h, -2*h - d + 4940 = -3*d. Is h prime?
True
Let n be 12/(48/(-85))*-24. Let d = n + 391. Is d a prime number?
False
Suppose 0 = -2*z - 5*z. Suppose 4*n + a - 9831 = z, -5*n - 6*a = -8*a - 12305. Is n a prime number?
True
Is 2/2*1*26209 composite?
False
Let r be ((-16)/(-36))/(10/45). Suppose -r*j + 5*j = 1329. Suppose -s = -j - 138. Is s prime?
False
Is (0 - (0 + 2)) + 63/28*8644 prime?
True
Suppose 17*h + 12*h - 77198 = 0. Let i = h - 1875. Is i a prime number?
True
Suppose -2074 = -5*g + 1381. Let s = -415 + g. Let v = s - 165. Is v composite?
True
Let r(m) = 6018*m + 1025. Is r(4) composite?
False
Let m(q) = -1194*q - 41. Let b(f) = f**2 + 7*f - 67. Let v be b(-12). Is m(v) prime?
True
Let r be -2*6/(-3)*945/(-18). Let m = r + -1104. Is (12/36)/((-2)/m) composite?
True
Suppose -2*p + 4*h + 184474 = 0, -4*p = -p - 2*h - 276699. Suppose -3*s + 55052 = -r - 37164, -4*r = -3*s + p. Is s prime?
False
Let w = 197161 + -52140. Is w prime?
True
Let t(q) = 436*q + 15. Suppose 6*c + 547 = 571. Is t(c) a prime number?
True
Suppose 55*i - 1660923 = -44*i. Is i a prime number?
False
Suppose -297*b + 257*b + 982302 - 94742 = 0. Is b composite?
False
Let t(d) = 3*d**3 + 9*d**2 + 26*d + 35. Let g be t(-11). Let m = g - -20872. Is m composite?
True
Let x = -169874 + 305397. Is x a composite number?
True
Suppose 148*o - 18*o - 12197019 = -83*o. Is o a prime number?
False
Is (-1)/(1/(-133361)) + -3 + -7 + 15 a prime number?
False
Let m(q) = q - 6. Let w be m(6). Let v(l) = 4*l + 3. Let c be v(w). Suppose -5*x = -5*j + 3119 + 151, c*x = -4*j + 2609. Is j a composite number?
False
Suppose -73*q + 64*q = -15246. Suppose -f + 21*u - 24*u + q = 0, 3*f + u - 5114 = 0. Is f prime?
False
Suppose -166*d + 988475 + 12365727 = 0. Is d composite?
False
Let t(j) be the second derivative of j**4/3 + 13*j**3/6 - 67*j**2/2 - 21*j. Is t(-20) a composite number?
True
Let o(a) = -3*a**3 - 133*a**2 + 87*a - 116. Is o(-57) prime?
True
Suppose 3042*w = 3141*w - 48357441. Is w composite?
False
Let q(s) = 6*s - 33. Let z be q(8). Is (-8)/12 - (-134125)/z a composite number?
False
Suppose 0*y - 4*y - f = 80, -3*f = 3*y + 51. Let i be 46*(-3)/(-42) - (-6)/y. Suppose l - 17 = -2*q + 4*q, -i*q + 3 = 0. Is l a prime number?
True
Suppose -2*u = 60*u + 92*u - 13425566. Is u a prime number?
True
Suppose -3*h - 73797 = -u - 7*h, -73789 = -u + 4*h. Is u a prime number?
False
Let h = 32477 + -18888. Is h composite?
True
Suppose -5*r = -13*r + 32. Suppose 3*t + r*l = -2779, 5*l - 3726 = t + 3*t. Let u = t + 1960. Is u prime?
True
Let x(d) = 2645*d**2 - 7*d - 11. Let u(t) = -20*t + 256. Let p be u(13). Is x(p) prime?
True
Let i be (-3)/(12/(-8)) - -32163. Suppose -40*o - i = -47*o. Is o a prime number?
False
Is -2*((-9725682)/12)/19 composite?
False
Suppose 4*x - 3*r - 59579 = 0, 3*r - 93 = -84. Is x prime?
True
Let k(f) = 66 - 66 - 31*f + 47*f**2 + 35*f**2 - 85. Is k(-18) a composite number?
True
Let p(c) = -153*c + 1786. Is p(-75) composite?
True
Suppose 36781 = q - 2*h, 10*h - 147094 = -4*q + 12*h. Let i = q - 23465. Is i prime?
False
Is (-35)/5 - (-1784696 - -2) composite?
True
Let w be 36/(-10)*(12 + -2). Let n = -37 - w. Is ((-3)/(-2))/(n/(-74)) a composite number?
True
Let s = 1247377 + -719820. Is s prime?
True
Let b be (-4)/(-4) + 164 - -3. Suppose -b = -3*v + 5151. Let f = v + -412. Is f a composite number?
False
Let m = 655 + -79. Suppose m = 4*d + 3*b, 5*b = -3*d + 631 - 210. Suppose 5*t - d - 668 = 0. Is t a prime number?
True
Suppose 5038333 = 143*u - 4*u. Is u composite?
True
Let t(b) = 114*b**2 + 3*b + 8. Let i be -2 - -1 - (4 + -21). Suppose -i + 4 = -4*d. Is t(d) prime?
False
Let x(t) = -t**2 - 21*t - 110. Let f be x(-17). Let w(p) = -80*p - 247. Is w(f) a composite number?
True
Let h(b) = -1854*b**3 - 4*b**2 + 5*b - 13. Is h(-4) a composite number?
True
Let v(y) be the first derivative of 61*y**3/3 + 17*y**2 - 11*y + 78. Is v(6) a composite number?
False
Let a(r) = 542*r - 4511. Is a(86) a composite number?
False
Let s = 7637 - -27974. Is s composite?
True
Let h(w) = 2069*w - 28. Let z be h(2). Let o = 12527 - z. Is o composite?
True
Let b = 1729456 + -1015859. Is b composite?
False
Let h = 5341 + 10890. Suppose 2*j - h - 245 = 0. Suppose 0 = -5*z + w + 20520, -3*w = 5*z - 12302 - j. Is z prime?
False
Let x = 1011 - 493. Suppose -37*u = -45*u - 128. Is x + 12/u*-4 a composite number?
False
Let t be -12*(-6)/8 - 5. Let w(v) = 245*v**2 - 2*v + 31. Is w(t) composite?
False
Is -2*15/((-60)/1954) prime?
True
Let q = -20 + 14. Let j be 2/(-2)*3 - q. Suppose -3*f - 2*w + 2625 = 0, w = j*f - w - 2637. Is f composite?
False
Let z(s) = 734*s**3 + 17*s**2 - 62*s + 357. Is z(6) prime?
False
Suppose -5*g - 4*y - 12 = -113, 